 a composite?
True
Let h(z) = -136*z + 5. Is h(-6) a prime number?
True
Let t(r) = -103*r - 20. Is t(-9) prime?
True
Suppose -2*f = -5*t + 3167, -2*t - f + 301 = -973. Is t a prime number?
False
Suppose -3*g - 2 = -2*i, -3*i - g + 39 = 2*i. Suppose -3*z = -i*z + 100. Is z a prime number?
False
Suppose -2*z + 3*z + n - 83 = 0, 302 = 4*z - 2*n. Let b = 133 - z. Is b composite?
True
Suppose -u - 4*h + 207 = 0, 5*u + 0*u - 5*h = 985. Is u a composite number?
False
Is 837/6 - (-1)/(-2) a composite number?
False
Suppose -3*y = 2*r - y - 22, -4*y = -8. Let x = r - 6. Suppose -5*i - 3*z = -x*i - 74, -4*z + 148 = 4*i. Is i composite?
False
Let j = 17 - 26. Let k(b) = -b**3 - 5*b**2 + 12*b - 5. Is k(j) composite?
False
Suppose 2*b = k + 8, 8 = 4*b - 3*k - 6. Suppose -b*q + 613 = 3*w - 397, -3*q + 2*w = -587. Is q composite?
False
Let t = 668 + -79. Let m = 828 - t. Is m a composite number?
False
Suppose 0*g + 1370 = 2*g. Is g prime?
False
Suppose 2 = -2*v - 20. Let w = 8 + v. Is (-2)/w - (-1325)/15 composite?
False
Is 1*(0 - -401)*1 prime?
True
Let u = -126 - -63. Let z = u - -150. Is z prime?
False
Let t(g) = g**3 + 8*g**2 + 7*g - 6. Let b be t(-7). Let m be (-81)/(-18) + b/4. Is 1506/4*2/m composite?
False
Suppose -2*l = 3*l - 10, -14 = -4*v + 5*l. Let o be 13*1 + (5 - v). Suppose 3*r - 21 - o = 0. Is r prime?
True
Let p(h) = 2 - 1 - 3 - 4*h. Let k = 0 - 3. Is p(k) a composite number?
True
Suppose -3 - 1 = v. Is (-482)/v - 9/6 composite?
True
Let c be (-1)/(-2)*-2 + 6. Suppose -c*y + 1295 = -b, 4*b = -4*y - 0*b + 1036. Is y a prime number?
False
Let m(a) = -a**3 - 6*a**2 - 6*a - 2. Let r be m(-5). Suppose 0 = -r*b - c - 4*c + 365, -c + 234 = 2*b. Is b a composite number?
True
Let t(k) = 6*k. Let c be t(-1). Is (-31)/(-3 + c/(-3)) prime?
True
Let i = -4 + 2. Is (-37)/((-3)/((-18)/i)) a prime number?
False
Let m(u) = 23*u + 16. Is m(9) prime?
True
Suppose -5*t + 2 = -4*t. Suppose -t*u + 21 + 5 = 0. Is u a composite number?
False
Let u(h) = 2*h. Let r be u(7). Suppose -9*v = -r*v + 935. Is v a composite number?
True
Is 77 - (11 + -14)/(3/2) prime?
True
Suppose 4*u + f - 7 = u, 0 = 4*u - 2*f - 16. Suppose u*c + 10 = 5*c. Let n = c + 2. Is n a composite number?
False
Let n(s) = s - 4. Let o be n(3). Let w(z) = -18*z + 1. Let r be w(o). Suppose 5*x - 184 = -r. Is x a prime number?
False
Suppose -4*b + 176 = -52. Suppose -o = -4*j + 524, -j - 5*o = -53 - b. Suppose 2*x = -4*f + j, -3*f - 98 = -6*f - x. Is f a composite number?
True
Let l = -7 - -10. Suppose -5*h + 26 = -l*h. Let j = 80 + h. Is j prime?
False
Let z(w) = -w**3 + 2*w**2 + 2*w + 4. Let t be z(3). Let o = 2 + t. Suppose -o*i = 12 - 177. Is i prime?
False
Let b = -1254 - -1835. Is b prime?
False
Suppose -4 = -4*i - 0*i. Let h(x) = 36*x**3 - x**2. Let m be h(i). Suppose -3*b - z = -210, b + m - 107 = -z. Is b a composite number?
True
Is (-2 + 2)/1 + 521 prime?
True
Let z(a) = a**2 + 6*a - 3. Let y be z(-7). Let x be (y + -2)*(73 + 0). Suppose 3*i - x = -3*m + 4*i, 52 = m + 3*i. Is m a prime number?
False
Suppose d + 4 = 2*d. Suppose d*m = -m. Let o(t) = t**2 + 37. Is o(m) a prime number?
True
Let p = 0 - -7. Let l = p - 3. Suppose -l*x + 7 = -3*x. Is x a prime number?
True
Suppose -3*v + 2*v = 18. Is 4/(-18) + (-598)/v prime?
False
Suppose -2*u + 3*g + 146 = 0, 2*u - 6*u + 328 = 3*g. Is u a composite number?
False
Suppose 5*c - c = -o + 471, 4*o - 1863 = 5*c. Is o prime?
True
Let j(t) = t**2 - 7*t - 5. Let c be j(8). Suppose -3*o - 4 = c*l - l, -8 = -2*o + 4*l. Is 0 - (0 + o - 3) a composite number?
False
Let q(v) = 27*v**3 + v**2 - 2. Let b be q(-2). Let f = -299 - 34. Let a = b - f. Is a composite?
True
Suppose -2*c - 5*a = 12, 2*c - a = 3*a - 12. Let d(q) = 4*q - 19*q - 42 + 21 + 22. Is d(c) composite?
True
Is 1/(-2) + ((-36690)/(-20) - -1) a composite number?
True
Let g(r) = r**3 - 7*r**2 + 7*r + 6. Let c be g(6). Let x = c - -53. Is x a composite number?
True
Suppose 5*l - 607 - 1608 = 0. Is l composite?
False
Let u(k) = -93*k**3 + 2*k + 3. Is u(-2) composite?
False
Let x = -16 - -156. Suppose -4*n = 8, -4*t - 4*n - x = -7*t. Let c = t - -9. Is c a prime number?
True
Let x(b) = 5*b - 1. Is x(2) prime?
False
Let w(j) = 6*j - 2*j + 3*j + 1 + 2*j**2. Is w(-6) prime?
True
Let s = 1726 - 885. Is s a composite number?
True
Suppose -3*j + 11497 = -2*b, 4*j + 18*b - 15335 = 15*b. Is j a prime number?
True
Let a = 4 + -2. Suppose 0 = a*h - 3*f - 200, 2*f = -h - 0*f + 93. Is h a composite number?
False
Let z(t) = 3*t - t + 0 - 1 + 6*t. Is z(4) a composite number?
False
Let r = -2 - -6. Let z = r + 0. Suppose 26 = z*i - 58. Is i prime?
False
Let c = 1 + 3. Suppose 4*i - 4*b = 20, 0 = -c*i - 5*b + 2*b + 13. Suppose 3*j - 16 = -i. Is j prime?
False
Let f be ((-15)/12)/(1/(-4)). Suppose f = z - 7. Suppose 0 = -4*i + z, -5*g - 2*i + 193 = -208. Is g a composite number?
False
Suppose -3*n = 4*j - 256, 0*j + 3*j - 3*n - 213 = 0. Is j a composite number?
False
Let q(k) = 3*k**2 + 4. Suppose 5*y + 0*r + 25 = -2*r, y + r = -5. Let a(g) = 2*g + 7. Let c be a(y). Is q(c) a prime number?
True
Suppose -2*v = 47 - 265. Is v composite?
False
Let y = -3 - -5. Suppose g - 5*b - 376 = -3*g, -y*b = -4*g + 376. Is g/3 - (-2)/(-6) a prime number?
True
Let o(w) = w**2 - 8*w - 11. Let f be o(8). Let c(l) = -6*l - 13. Is c(f) a prime number?
True
Is (7311/(-6))/(((-12)/(-8))/(-3)) composite?
False
Let a be (-69)/(-6) - 1/2. Suppose 0 = 2*l + a - 325. Is l a composite number?
False
Suppose -5*h = -3*h - 124. Is h prime?
False
Suppose -4*b = -b - 15. Suppose -3*j + 931 = b*a, 2 = 3*j - 4. Is a a composite number?
True
Suppose 0 = a + 46 + 53. Let m = 196 + a. Is m prime?
True
Suppose 3*p - 2*g + 7*g - 454 = 0, -3*g = -3*p + 462. Suppose 19 = -y + p. Is y prime?
False
Let i(k) = k**2 - 9*k + 10*k + 9*k - 12. Is i(9) composite?
True
Let c(l) = l**3 + 4*l**2 - l - 5. Let r(g) = -g**2 - 1. Let w(x) = c(x) + 2*r(x). Is w(4) prime?
False
Suppose -5*d + 280 = -0*d. Let z = d - -21. Is z prime?
False
Let t(r) = -r**3 - 9*r**2 - 7*r - 3. Let v be t(-8). Let l = v + 29. Suppose -a + o + 22 = 0, 3*a + 4*o - 91 + l = 0. Is a prime?
True
Suppose -8*b = -694 - 914. Is b prime?
False
Let j be 26/((-3)/(-54)*3). Let k = j - 94. Is k a composite number?
True
Let v(t) = t**3 + 2*t**2 - 5*t - 3. Let s be v(-3). Suppose -111 = -s*m - 0*m. Is m a composite number?
False
Let v be (-15)/2*696/(-18). Let y = v + -199. Is y a composite number?
True
Suppose 2*z + 2*z = 244. Suppose -6*c = -c + x + 205, -5*x = 5*c + 225. Let t = c + z. Is t composite?
True
Let m = 344 + 78. Is m a composite number?
True
Let k = 2075 + -977. Suppose 0 = 2*u + 336 - k. Suppose -u = -0*r - 3*r. Is r composite?
False
Is ((-14)/(-8) + -2)/((-1)/764) a prime number?
True
Let l = 2213 + -207. Suppose -5*y + l = 181. Is y prime?
False
Let v(j) = -j**2 + 16*j + 21. Let c be v(17). Is 59*(2 - (-36)/c) composite?
True
Let u(l) = -l**3 - 5*l**2 - 4*l - 3. Let r be u(-4). Let h be (5 - 4)*(-1 + -12). Is r - (1 - 1) - h composite?
True
Let j(d) = 3*d**3 + d - 1. Is j(5) a composite number?
False
Let c(f) = -f + 7. Let q be c(6). Is 825/12 + q/4 composite?
True
Let z(w) = 98*w + 44. Let a(i) = 49*i + 22. Let y(t) = -5*a(t) + 2*z(t). Is y(-9) prime?
True
Let l be 22/10 - 1/5. Let q be (-2)/4*58 - 3. Is 1 - (q - l - -2) composite?
True
Let b = 29 + -4. Suppose -m + 0*m = -b. Is m composite?
True
Let v = 9 - 6. Suppose v*x + 12 = -0*x. Is 24/2 - (-4)/x prime?
True
Let q(r) = r + 2. Let d be q(2). Let h = d - 2. Suppose -7*n + 47 = h*c - 2*n, 2*c = -4*n + 48. Is c prime?
False
Let o(l) = -7*l**2 - l - 1. Let w be o(-1). Is (-887)/(-7) + (-2)/w a composite number?
False
Let x(p) = -p**3 + 8*p**2 + 9*p - 17. Is x(7) prime?
False
Is 1/(-7) - 1782/(-77) composite?
False
Suppose h = 4*b + 475, -2*h - 2*h + b + 1870 = 0. Is h composite?
False
Suppose 5*q = m + 6*q - 831, m = -5*q + 815. Is m a composite number?
True
Let y(v) = v - 6. Let f be y(8). Suppose 3*m + 0*m - 19 = 2*h, 0 = -f*m - 4*h + 2. Suppose -m*a + 0*a + 125 = 0. Is a prime?
False
Let h = 3439 + -1953. Is h a composite number?
True
Suppose -6 = -3*h - 3*l, 0*h - h = -4*l + 8. Suppose -7*x = -2*x + 3*r - 793, h = x - 2*r - 169. Is x composite?
True
Let i(r) = 7*r**2 - r - 3. Is i(-7) a composite number?
False
Is 9/(-21) - 3063/42